me factors of b(g).
11
Let d(z) = -9*z**3 - 2*z**2 - z. Let g be d(-1). Let l be -36*(0 - (0 + g)). Suppose 4*p = 10*p - l. What are the prime factors of p?
2, 3
Let s(i) = 78*i**2 + 385*i - 8. What are the prime factors of s(-18)?
2, 89, 103
Let u = -14 + 34. Suppose u = -11*i + 64. Suppose 4*h = -m + 37, 0 = 2*m - 0*m - i*h - 110. What are the prime factors of m?
7
Let m be -603*6*(-18)/(-81). Let r = m + 2248. List the prime factors of r.
2, 19
Suppose -z + 3*z + 306 = -i, 3*i + 891 = 3*z. What are the prime factors of (-20)/(-3)*(-42480)/i?
2, 59
Let t = -8301 + 12294. List the prime factors of t.
3, 11
Let l be (6/8)/((-4)/48). List the prime factors of ((3 - 6)/l)/(1/2745).
3, 5, 61
Suppose -17*h + 2*h - 12*h = -993114. What are the prime factors of h?
2, 53, 347
Let y(c) = 3381*c - 403. What are the prime factors of y(2)?
6359
Let h(q) be the second derivative of 21*q + 0 - 1/2*q**2 + 1/3*q**3 + 67/12*q**4. What are the prime factors of h(1)?
2, 17
Let i = -8 - -16. Let f be 26/i - (-5)/(-20). Suppose -62 = -4*a - f*r, -a - 91 = -6*a + 3*r. What are the prime factors of a?
17
Let v = -13425 + 35049. What are the prime factors of v?
2, 3, 17, 53
What are the prime factors of ((-936)/(-40))/(-13)*(-9755)/3?
3, 1951
Let w(c) = 16*c**3 + 5*c**2 + 4*c - 9. Suppose -4*g + 31 = -5*o, -g + 2*g + 5*o = -11. Let q be w(g). Suppose q = 7*l + 222. What are the prime factors of l?
127
Suppose 3*s + s = -5*c + 2130, 2*s = -4*c + 1698. What are the prime factors of (-66)/(-44)*(0 + c)?
3, 211
Let v(a) = 8*a - a - 22*a + 399 - 27*a. List the prime factors of v(0).
3, 7, 19
Let w = 126 + 73. Suppose -2*r + 812 = 5*z, -851 + w = -4*z - r. List the prime factors of z.
2, 41
Let j(d) = 7*d + 29 - 21 + 3*d**2 - d. Let n be j(-6). Suppose -n = 6*t - 10*t. List the prime factors of t.
2, 5
Suppose 3*y = -215 + 71. Let a = -28 - y. List the prime factors of a.
2, 5
Let p(u) = -48*u + 8299. What are the prime factors of p(29)?
6907
Let i = 84307 + 2648. List the prime factors of i.
3, 5, 11, 17, 31
Let q be 5177/(-5) + 4/10. Let s = -584 - q. List the prime factors of s.
11, 41
Let f(d) = 3*d**2 + 136*d + 49. Let m be f(-45). Suppose 3*i = 6, 2*k - m*k = -i - 2146. List the prime factors of k.
2, 3, 179
Suppose 66 = -148*b + 145*b. Let d be (b/(-3))/(4/(-48)). Let w = -50 - d. What are the prime factors of w?
2, 19
Let i(h) = -h**3 + 3*h**2 + h. Let g be i(3). Suppose 0 = -5*c + 4*s + 2080, 2*c - 419 = -g*s + 413. List the prime factors of c.
2, 13
Let i be 5 + (5 + 20/(-8))*2. List the prime factors of -14 + i - (-575 + -1 - -1).
571
Let u(m) = -159*m - 2007. What are the prime factors of u(-73)?
2, 3, 5
Suppose -q = -5*p + 774, -3*q - 772 = -0*p - 5*p. Let s = 30 + p. What are the prime factors of s?
5, 37
Suppose 3*y - 12 = 0, -38 = 5*j - 5*y + 17. What are the prime factors of (4 - 1)*(j - 3586/(-33))?
5, 61
Let a(w) = -336*w - 599. List the prime factors of a(-5).
23, 47
Let a = 2464 + -1431. Suppose 2*h = 3*u + a, -3*h = 12*u - 9*u - 1557. List the prime factors of h.
2, 7, 37
Let n(b) = -7*b - 125. Let m be n(-18). Suppose 3*l = 2*o + 1933, 69*o = 68*o + m. What are the prime factors of l?
3, 5, 43
Suppose 5*k + 2*l = -42, -5*k + 3*k + 2*l = 14. Suppose -d - 5*v + 31 = 0, 10*v = -2*d + 8*v + 14. What are the prime factors of k + 4 + (d + 0)*131?
127
Suppose 233988 + 223417 = 65*v. Suppose 0 = -5*k - c + v, 3*k - 2*c - 2*c - 4213 = 0. What are the prime factors of k?
3, 7, 67
Let c(n) = 2*n + 5. Let k(r) = 9*r - 8. Let a(t) = -6*t + 5. Let s(g) = -7*a(g) - 5*k(g). Let j be s(-2). What are the prime factors of c(j)?
3
Suppose 2*t = q + 911, -q = -4*t - 2*q + 1813. Let o = 654 - t. List the prime factors of o.
2, 5
Let i = -10894 - -17664. List the prime factors of i.
2, 5, 677
Let r = -23 - -25. Suppose 0 = -r*j + 429 - 99. Let k = -74 + j. What are the prime factors of k?
7, 13
Let i(b) be the second derivative of -712*b**3/3 + b**2 + b - 133. What are the prime factors of i(-1)?
2, 23, 31
Let d = 223 + -247. Let m(t) = t**2 + 8*t + 72. What are the prime factors of m(d)?
2, 3, 19
Let h = 19216 - 12744. List the prime factors of h.
2, 809
Let o(y) = -484*y - 783. List the prime factors of o(-20).
7, 31, 41
Suppose 4*z = 5*g - 7181, -g = 32*z - 31*z - 1438. What are the prime factors of g?
3, 479
Suppose -3*r + 86230 = 5*q - 10*q, 5*r - 143698 = -q. List the prime factors of r.
2, 3, 5, 479
Suppose -c = -4*t + 11*c + 9960, -4*t + 5*c = -9911. What are the prime factors of t?
3, 823
Suppose -9*u = -23*u - 98. Let x(g) be the second derivative of g**5/20 + 3*g**4/4 + 7*g**3/6 + 4*g**2 - g. List the prime factors of x(u).
3, 19
Suppose 0 = 922*v - 937*v + 62130. What are the prime factors of v?
2, 19, 109
Let v = 28697 + 11409. List the prime factors of v.
2, 11, 1823
Let m(s) = -76005*s + 548. List the prime factors of m(-1).
37, 2069
Let q be (4/5 - (-13)/65)*5. Let w(d) = 1998*d + 4. Let o be w(-1). What are the prime factors of (-2)/q + 2/(-20)*o?
199
Let p(t) = t**3 - 3*t**2 + t. Let y(f) = 4*f**3 - 13*f**2 - 8*f - 1. Let u(b) = 5*p(b) - y(b). List the prime factors of u(9).
5, 137
Suppose 2*l + 7*l - 1080 = 0. Let a = l - 44. Let o = -64 + a. List the prime factors of o.
2, 3
Suppose 0 = 4*n + 3*a - 104587, -36*a + 35*a = -3*n + 78437. List the prime factors of n.
2, 17, 769
Let v(a) = -a**3 + 15*a**2 + 34*a - 1. Let d be v(17). Let x(w) be the third derivative of -7*w**4/8 + w**3/2 + w**2. List the prime factors of x(d).
2, 3
Let x(t) = t - 7. Let k be x(6). Let d = 5063 + -4800. What are the prime factors of (5/(-5))/(k/d)?
263
Let w(y) = -10*y**2 + 25. Let s(j) = -9*j**2 - j + 24. Let i(n) = -6*s(n) + 5*w(n). Let p be i(6). Suppose 271 = 8*f - p. What are the prime factors of f?
2, 3
Suppose -2*z = -4*z + 384. Suppose 3*d = -3*c + 887 + 517, -4*c + 3*d + 1907 = 0. Suppose 7*x - z = c. List the prime factors of x.
5, 19
Suppose c + 1611 = -2*t + 6584, -2*t + 4976 = 2*c. Suppose -t = -138*i + 131*i. List the prime factors of i.
5, 71
Let y(x) be the first derivative of -83*x**2/2 + 3*x + 1. Let r = 75 - 76. List the prime factors of y(r).
2, 43
Let b(u) = -11024*u + 2335. List the prime factors of b(-5).
5, 11491
Suppose 7*g - 3*g - 3*t + 218365 = 0, g - 3*t = -54589. List the prime factors of g/(-288) - 4/(-9).
2, 5, 19
Let w be 0/((-6)/((-3)/1)) + 4. Suppose 3*v = c + c + 1547, -539 = -v - w*c. What are the prime factors of v?
3, 173
Let q(b) = b**3 + 9*b**2 - 6*b - 48. Let h be q(-9). Let c(z) = 7*z + z**3 - 6*z - 3 - 6*z**2 + 7*z. What are the prime factors of c(h)?
3, 5
Let w(o) = -168*o**2 - 2*o + 3. Let d be w(-2). Let f = -303 - d. What are the prime factors of f?
2, 181
Let n = -1576 + 772. Let a be n/(-9) - (-6)/9. Suppose -4*k + 5*k - a = 0. What are the prime factors of k?
2, 3, 5
Suppose 0 = -4*v - 117 - 379. Let j be (4122/(-54))/(1/(-3)). Let w = v + j. List the prime factors of w.
3, 5, 7
Suppose -3*f + u + 6 = -4*f, 8 = -4*u. Let r be (9 - 5)*(-2)/f. List the prime factors of 39/(15/(-9) + r).
3, 13
Let y = -42 - -56. Let s be y/20*68 - (-36)/90. List the prime factors of (0 + -6)/(s/(-792)).
3, 11
What are the prime factors of (-2)/((-40)/(-11310))*((-2)/(-6) - 1)?
13, 29
Suppose 3*l - 42 = -0*l. Let p = l - 71. Let g = p + 85. List the prime factors of g.
2, 7
Let n be 202/(-1)*(-399)/(-114). Let m = n - -1490. What are the prime factors of m?
3, 29
What are the prime factors of (3/5 - 172/(-80))/(26/33904)?
2, 11, 163
Let b = 22557 - 685. What are the prime factors of b?
2, 1367
Let t be 6/(-8)*(-10)/15*0. Let i be (t + (-24)/(-9))/(4/(-114)). Let j = i + 136. List the prime factors of j.
2, 3, 5
Let l be 6607 + 41 + (-4 - (1 - 1)). Suppose l = -10*v + 21*v. List the prime factors of v.
2, 151
Suppose 2*i + 5025 = -0*i + 26023. What are the prime factors of i?
10499
List the prime factors of ((-11)/44)/((-3)/(-96)) - (-94836)/2.
2, 5, 11, 431
Suppose 3*s = s - 12. Let k be 2*(s/24 - 5/(-4)). List the prime factors of 2 + k - (10 - 97).
7, 13
Let t(n) = 3*n**2 + 99*n - 1647. What are the prime factors of t(56)?
3, 5, 887
Let h be (20/(-7))/((-28)/1666). Suppose -167*f = -h*f + 849. List the prime factors of f.
283
Let w(p) = 18*p**2 + p**2 - 1 + 15*p**2. List the prime factors of w(2).
3, 5
Let h(o) = -2*o**2 - 9*o - 4. Suppose 